 in base 6?
-5
-1 (base 14) to base 9
-1
What is 8 (base 13) in base 5?
13
Convert -20 (base 13) to base 10.
-26
2020 (base 3) to base 11
55
-67 (base 8) to base 4
-313
20 (base 8) to base 6
24
-26 (base 8) to base 15
-17
Convert 33 (base 4) to base 9.
16
What is 1 (base 12) in base 5?
1
Convert 3 (base 13) to base 2.
11
Convert 1 (base 4) to base 11.
1
What is -10011 (base 2) in base 5?
-34
What is 206 (base 7) in base 9?
125
Convert -3 (base 14) to base 7.
-3
Convert 111 (base 4) to base 3.
210
Convert -179 (base 15) to base 8.
-523
Convert -11001010 (base 2) to base 3.
-21111
224 (base 6) to base 4
1120
Convert -10 (base 3) to base 4.
-3
Convert -25 (base 6) to base 11.
-16
Convert 12 (base 4) to base 16.
6
6 (base 16) to base 6
10
2 (base 6) to base 14
2
What is e (base 15) in base 16?
e
Convert -1443 (base 5) to base 16.
-f8
Convert -93 (base 15) to base 9.
-163
What is -11 (base 11) in base 2?
-1100
Convert 30 (base 5) to base 7.
21
-42 (base 10) to base 12
-36
Convert -3 (base 12) to base 4.
-3
6 (base 9) to base 8
6
Convert -2 (base 11) to base 5.
-2
Convert -304 (base 6) to base 8.
-160
-1 (base 15) to base 3
-1
-10 (base 12) to base 2
-1100
1101 (base 2) to base 14
d
-235 (base 8) to base 13
-c1
503 (base 6) to base 11
157
Convert 3 (base 13) to base 14.
3
What is -2 (base 4) in base 14?
-2
What is 0 (base 7) in base 11?
0
-2 (base 7) to base 8
-2
What is -9a (base 16) in base 8?
-232
-4 (base 8) to base 2
-100
32 (base 5) to base 8
21
Convert 5 (base 8) to base 4.
11
What is 7 (base 13) in base 14?
7
What is -101 (base 5) in base 6?
-42
What is -1233 (base 5) in base 4?
-3001
Convert -3 (base 6) to base 7.
-3
-354 (base 6) to base 7
-262
Convert -2 (base 15) to base 4.
-2
What is a (base 12) in base 16?
a
Convert 51 (base 7) to base 11.
33
Convert 10 (base 14) to base 10.
14
Convert 3 (base 10) to base 2.
11
What is 6 (base 8) in base 3?
20
Convert -1 (base 15) to base 9.
-1
-1 (base 3) to base 4
-1
What is -1 (base 9) in base 16?
-1
What is 0 (base 5) in base 6?
0
Convert 1303 (base 4) to base 12.
97
Convert 3 (base 14) to base 5.
3
What is 1 (base 16) in base 11?
1
61 (base 12) to base 6
201
What is cb (base 15) in base 7?
362
233 (base 6) to base 13
72
Convert 315 (base 6) to base 13.
92
What is -55 (base 6) in base 3?
-1022
-1 (base 5) to base 11
-1
Convert 10 (base 9) to base 5.
14
4 (base 7) to base 13
4
What is -11 (base 12) in base 4?
-31
What is -b4 (base 13) in base 8?
-223
Convert 4 (base 12) to base 8.
4
22 (base 11) to base 4
120
6 (base 16) to base 10
6
Convert 11 (base 2) to base 14.
3
3 (base 4) to base 14
3
What is 1 (base 14) in base 8?
1
What is -19 (base 11) in base 12?
-18
Convert 21 (base 5) to base 4.
23
-10 (base 3) to base 10
-3
What is -20 (base 7) in base 3?
-112
Convert 0 (base 6) to base 5.
0
Convert 100 (base 4) to base 16.
10
-12 (base 8) to base 12
-a
Convert -2 (base 8) to base 4.
-2
2 (base 6) to base 2
10
Convert 3 (base 16) to base 2.
11
Convert 126 (base 9) to base 14.
77
d (base 15) to base 8
15
0 (base 2) to base 16
0
What is 8 (base 9) in base 14?
8
Convert -3 (base 10) to base 9.
-3
Convert -330 (base 4) to base 5.
-220
What is -126 (base 8) in base 13?
-68
What is 3 (base 12) in base 7?
3
What is 5 (base 9) in base 12?
5
143 (base 11) to base 10
168
What is 2 (base 16) in base 7?
2
Convert 1244 (base 5) to base 6.
531
Convert 10 (base 7) to base 2.
111
Convert -3 (base 6) to base 14.
-3
What is -5 (base 7) in base 16?
-5
Convert -1 (base 13) to base 3.
-1
Convert -53 (base 16) to base 11.
-76
-127 (base 8) to base 16
-57
Convert -6 (base 11) to base 4.
-12
-212 (base 3) to base 11
-21
60 (base 11) to base 3
2110
What is 3 (base 11) in base 10?
3
-1 (base 10) to base 6
-1
What is 2 (base 4) in base 7?
2
5 (base 15) to base 5
10
Convert -fb (base 16) to base 11.
-209
What is 28 (base 10) in base 13?
22
-354 (base 9) to base 3
-101211
-11 (base 2) to base 10
-3
-103 (base 8) to base 14
-4b
What is 10 (base 4) in base 6?
4
Convert -26 (base 12) to base 10.
-30
What is -13 (base 16) in base 14?
-15
What is -1221 (base 3) in base 5?
-202
What is 10100 (base 2) in base 5?
40
What is -19 (base 11) in base 7?
-26
What is 112 (base 5) in base 7?
44
Convert -12 (base 12) to base 7.
-20
Convert 20 (base 5) to base 6.
14
What is 4 (base 12) in base 10?
4
-a (base 12) to base 6
-14
10 (base 4) to base 16
4
What is 21 (base 14) in base 8?
35
What is 2 (base 16) in base 10?
2
What is -39 (base 11) in base 16?
-2a
Convert -19 (base 16) to base 7.
-34
3 (base 7) to base 14
3
3 (base 12) to base 15
3
Convert 2 (base 16) to base 13.
2
11 (base 4) to base 12
5
-7 (base 11) to base 3
-21
What is 3 (base 7) in base 8?
3
Convert -3 (base 9) to base 2.
-11
Convert -23 (base 13) to base 3.
-1002
Convert 19 (base 13) to base 6.
34
31 (base 16) to base 14
37
What is -66 (base 7) in base 2?
-110000
-10 (base 3) to base 10
-3
Convert -100 (base 2) to base 9.
-4
What is 24 (base 12) in base 7?
40
What is 6 (base 13) in base 9?
6
Convert 1 (base 3) to base 13.
1
What is 8 (base 12) in base 9?
8
What is -1 (base 3) in base 10?
-1
What is 1 (base 5) in base 9?
1
2 (base 6) to base 11
2
What is 1 (base 11) in base 9?
1
Convert -9 (base 14) to base 11.
-9
What is 0 (base 15) in base 12?
0
Convert 3 (base 10) to base 3.
10
Convert -1 (base 15) to base 12.
-1
6 (base 7) to base 11
6
Convert -18 (base 14) to base 6.
-34
21 (base 14) to base 8
35
120 (base 13) to base 2
11000011
What is 10 (base 4) in base 8?
4
Convert 22 (base 4) to base 2.
1010
Convert 5 (base 8) to base 9.
5
Convert 4 (base 12) to base 14.
4
Convert 12 (base 15) to base 11.
16
Convert -451 (base 6) to base 3.
-20111
What is 10 (base 2) in base 14?
2
-21 (base 15) to base 6
-51
-2 (base 14) to base 13
-2
-1 (base 2) to base 9
-1
What is -3 (base 4) in base 16?
-3
-2 (base 4) to base 8
-2
What is 199 (base 12) in base 9?
320
-1032 (base 4) to base 9
-86
Convert -101101010 (base 2) to base 6.
-1402
Convert 34 (base 15) to base 7.
100
Convert -128 (base 13) to base 4.
-3023
What is 14 (base 12) in base 6?
24
Convert -19 (base 10) to base 12.
-17
What is 6 (base 10) in base 11?
6
What is 2031 (base 5) in base 8?
412
Convert 5 (base 12) to base 7.
5
Convert 4 (base 6) to base 11.
4
What is 3 (base 12) in base 14?
3
What is 2013 (base 4) in base 9?
160
What is 21 (base 8) in base 15?
12
21 (base 4) to base 10
9
What is 85 (base 11) in base 2?
1011101
Convert 4 (base 14) to base 8.
4
What is -10 (base 7) in base 9?
-7
-18 (base 11) to base 8
-23
What is -202 (base 3) in base 11?
-19
What is 1110 (base 2) in base 4?
32
-2 (base 4) to base 2
-10
What is 206 (base 8) in base 7?
251
Convert -4 (base 8) to base 12.
-4
100 (base 6) to base 11
33
Convert 12 (base 3) to base 6.
5
Convert 8 (base 10) to base 12.
8
223 (base 8) to base 10
147
111 (base 2) to base 8
7
Convert -10 (base 3) to base 11.
-3
Convert -3 (base 14) to base 16.
-3
What is -10110 (base 2) in base 8?
-26
Convert 2 (base 4) to base 8.
2
Convert 15 (base 16) to base 4.
111
What is 3 (base 5) in base 16?
3
-a (base 14) to base 15
-a
What is 41 (base 9) in base 5?
122
Convert -1a (base 12) to base 8.
-26
244 (base 5) to base 3
2202
112 (base 3) to base 10
14
-12 (base 15) to base 3
-122
Convert -103 (base 12) to base 11.
-124
What is -2e (base 15) in base 12?
-38
Convert 365 (base 9) to base 14.
178
What is -7 (base 8) in base 5?
-12
What is 112 (base 5) in base 3?
1012
Convert -2 (base 14) to base 4.
-2
1 (base 11) to base 8
1
Convert -2 (base 5) to base 12.
-2
3 (base 15) to base 13
3
-dc (base 16) to base 8
-334
What is -1 (base 2) in base 10?
-1
Convert -67 (base 14) to base 10.
-91
What is -280 (base 9) in base 3?
-22200
Convert -3 (base 15) to base 7.
-3
What is 16 (base 10) in base 7?
22
Convert 4 (base 16) to base 7.
4
What is 4 (base 9) in base 6?
4
5 (base 11) to base 5
10
Convert 10 (base 2) to base 16.
2
Convert 0 (base 16) to base 9.
0
-313 (base 4) to base 10
-55
1 (base 14) to base 12
1
500 (base 6) to base 14
cc
2321 (base 4) to base 10
185
Convert 40 (base 13) to base 16.
34
1a (base 14) to base 12
20
74 (base 8) to base 6
140
-15c (base 13) to base 9
-303
Convert -1 (base 5) to base 12.
-1
What is -1 (base 7) in base 9?
-1
Convert 2c (base 15) to base 13.
33
Convert 11 (base 6) to base 16